{"id":2045,"date":"2026-02-25T17:21:42","date_gmt":"2026-02-25T16:21:42","guid":{"rendered":"https:\/\/dach.tdsynnex.com\/ch\/microsoft\/?page_id=2045"},"modified":"2026-02-26T00:03:19","modified_gmt":"2026-02-25T23:03:19","slug":"microsoft-sentinel","status":"publish","type":"page","link":"https:\/\/dach.tdsynnex.com\/ch\/microsoft\/microsoft-sentinel\/","title":{"rendered":"Microsoft Sentinel"},"content":{"rendered":"\n<section class=\"tds-msft-block hero  bg-deepteal clr-white bg-center\"   style=\"background-image: url(https:\/\/dach.tdsynnex.com\/ch\/microsoft\/wp-content\/uploads\/2025\/02\/mesh-pattern-1.png);\">\n\n  <div class=\"uk-container uk-container-xlarge\">\n          <div class=\"uk-grid\">\n        <div class=\"uk-width-2-3@m uk-width-1-1 uk-flex-first@m uk-flex-last\">\n                <h1><b>Microsoft Sentinel \u2013 Moderne Cybersicherheit f\u00fcr Ihr Unternehmen<\/b><\/h1>\n<h3><b>St\u00e4rken Sie Ihre Sicherheitsoperationen mit moderner Cloudtechnologie<\/b><\/h3>\n<p>Microsoft Sentinel vereint leistungsstarke Analyse, KI gest\u00fctzte Erkennung und zentrale Transparenz \u00fcber Ihre gesamte IT-Umgebung. Die Plattform unterst\u00fctzt Sie dabei, Bedrohungen schneller zu identifizieren, effizient zu untersuchen und automatisiert darauf zu reagieren.<\/p>\n<p>Als erfahrener Partner begleiten wir Sie bei der Einf\u00fchrung und Optimierung dieser modernen Sicherheitsl\u00f6sung.<\/p>\n                <\/div>\n        <div class=\"uk-width-1-3@m uk-width-1-1\">\n          <img decoding=\"async\" src=\"https:\/\/dach.tdsynnex.com\/ch\/microsoft\/wp-content\/uploads\/2026\/02\/AdobeStock_267991674_circle.png\" alt=\"\">\n        <\/div>\n      <\/div>\n      <\/div>\n\n<\/section>\n\n\n<section class=\"tds-msft-block icon-cards  bg-deepteal clr-white bg-center\"  >\n\n  <div class=\"uk-container uk-container-xlarge\">\n          <div class=\"uk-grid\">\n        <div class=\"uk-width-1-4@m uk-width-1-1\">\n          <div class=\"intro\">\n            <h3><b>Was ist Microsoft Sentinel?<\/b><\/h3>\n<p><b>Microsoft Sentinel ist eine Cloud-native SOAR(Security Orchestration, Automation and Response) -L\u00f6sung auf Azure.<\/b><\/p>\n<p><b>Sie sammelt und korreliert Sicherheitsdaten \u00fcber Identit\u00e4ten, Endger\u00e4ten, SaaS(Software <\/b><b>as<\/b><b> a Service), On-Prem und Multi-<\/b><b>cloud<\/b><b> Umgebungen.<\/b><\/p>\n<p><b>Es erkennt Bedrohungen mithilfe von Analysen und KI, automatisiert Reaktionen mit Playbooks und reduziert so MTTD\/MTTR (Mean Time <\/b><b>to<\/b> <b>Detect<\/b><b>\/<\/b><b>Respond<\/b><b>). <\/b><\/p>\n<p><b>Dank elastischem, nutzungsbasiertem Modell skaliert Sentinel ohne Infrastruktur-Overhead.<\/b><\/p>\n          <\/div>\n        <\/div>\n        <div class=\"uk-width-3-4@m uk-width-1-1\">\n                <div class=\"uk-grid uk-child-width-1-2@l uk-child-width-1-2@s uk-child-width-1-1\" uk-height-match=\"target: .icon-card-content\">\n                      <div>\n              <div class=\"icon-card icon-card-center\">\n                                  <img decoding=\"async\" src=\"https:\/\/dach.tdsynnex.com\/ch\/microsoft\/wp-content\/uploads\/2025\/03\/icon-cloud-net.svg\" alt=\"\">\n                                <div class=\"icon-card-content\">\n                  <p><b>Intelligente Bedrohungsanalyse<\/b><\/p>\n<p>KI-gest\u00fctzte Erkennung von Anomalien und Angriffsmustern<\/p>\n<p>Integration mit Microsoft Defender und Drittanbieter-L\u00f6sungen<\/p>\n<p>Threat Intelligence Feeds und Watchlists<\/p>\n                <\/div>\n              <\/div>\n            <\/div>\n                      <div>\n              <div class=\"icon-card icon-card-center\">\n                                  <img decoding=\"async\" src=\"https:\/\/dach.tdsynnex.com\/ch\/microsoft\/wp-content\/uploads\/2025\/02\/icon-sicherheitsmanagement.svg\" alt=\"\">\n                                <div class=\"icon-card-content\">\n                  <p><b>Proaktives Risikomanagement<\/b><\/p>\n<p>Schwachstellenanalyse und Priorisierung nach Risiko<\/p>\n<p>Automatischer Abgleich von Softwareinventar<\/p>\n<p>Fr\u00fchzeitige Erkennung potenzieller Angriffsfl\u00e4chen<\/p>\n                <\/div>\n              <\/div>\n            <\/div>\n                      <div>\n              <div class=\"icon-card icon-card-center\">\n                                  <img decoding=\"async\" src=\"https:\/\/dach.tdsynnex.com\/ch\/microsoft\/wp-content\/uploads\/2025\/03\/icon-time-2.svg\" alt=\"\">\n                                <div class=\"icon-card-content\">\n                  <p><b>Effiziente <\/b><b>Incident<\/b> <b>Reaction<\/b><\/p>\n<p>Zentraler Incident-Hub mit Alert Grouping &amp; Fusion<\/p>\n<p>Automatisierte Reaktion \u00fcber Playbooks<\/p>\n<p>Grafische Darstellung in Workbooks und Darshboards<\/p>\n                <\/div>\n              <\/div>\n            <\/div>\n                      <div>\n              <div class=\"icon-card icon-card-center\">\n                                  <img decoding=\"async\" src=\"https:\/\/dach.tdsynnex.com\/ch\/microsoft\/wp-content\/uploads\/2025\/02\/icon-business-transformation.svg\" alt=\"\">\n                                <div class=\"icon-card-content\">\n                  <p><b>Ganzheitliche Sicherheits-Compliance<\/b><\/p>\n<p>RBAC und mandantenf\u00e4hige Zugriffsteuerung<\/p>\n<p>Compliance-Reporting (ISO, GDPR)<\/p>\n<p>Kostenkontrolle durch Basic\/Archive Logs und CAP-Regeln<\/p>\n                <\/div>\n              <\/div>\n            <\/div>\n                  <\/div>\n                <\/div>\n      <\/div>\n      <\/div>\n<\/section>\n\n\n<section class=\"tds-msft-block icon-cards  bg-deepteal clr-black bg-bottom-left\"   style=\"background-image: url(https:\/\/dach.tdsynnex.com\/ch\/microsoft\/wp-content\/uploads\/2025\/02\/mesh-pattern-2.png);\">\n\n  <div class=\"uk-container uk-container-xlarge\">\n          <h2 class=\"uk-text-center clr-white\">So implementieren Sie Microsoft Sentinel erfolgreich<\/h2>\n        <div class=\"uk-grid uk-child-width-1-3@m uk-child-width-1-1 uk-flex-left\" uk-height-match=\"target: .icon-card-content\">\n              <div>\n          <div class=\"icon-card icon-card-center\">\n                        <div class=\"icon-card-content\">\n              <p><b>Optimale Einrichtung &amp; Architektur<\/b><\/p>\n<p>Log Analytics Workspace konfigurieren<\/p>\n<p>Datenquellen anbinden (Microsoft &amp; Drittanbieter)<\/p>\n<p>Standard-Analyseregeln aktivieren<\/p>\n<p>RBAC f\u00fcr Zugriffssteuerung<\/p>\n            <\/div>\n          <\/div>\n        <\/div>\n              <div>\n          <div class=\"icon-card icon-card-center\">\n                        <div class=\"icon-card-content\">\n              <p><b>Automatisierte Sicherheitsprozesse<\/b><\/p>\n<p>Playbooks mit Logic Apps erstellen<\/p>\n<p>Automatisierte Incident-Reaktionen (SOAR)<\/p>\n<p>ITSM-Integration f\u00fcr Ticketing<\/p>\n<p>Nutzung von Threat Intelligence<\/p>\n            <\/div>\n          <\/div>\n        <\/div>\n              <div>\n          <div class=\"icon-card icon-card-center\">\n                        <div class=\"icon-card-content\">\n              <p><b>Kontinuierliches Monitoring &amp; Verbesserung<\/b> <b>\u00a0<\/b><\/p>\n<p>Dashboards mit Workbooks<\/p>\n<p>Regelm\u00e4ssige Regel-Optimierung<\/p>\n<p>Kostenkontrolle (Basic\/Archive Logs)<\/p>\n<p>Performance-\u00dcberwachung<\/p>\n            <\/div>\n          <\/div>\n        <\/div>\n          <\/div>\n  <\/div>\n<\/section>\n\n\n<section class=\"tds-msft-block text  bg-teal clr-white bg-left\"  >\n\n  <div class=\"uk-container uk-container-xlarge\">\n    <div class=\"uk-grid uk-child-width-1-1@m uk-width-1-1\">\n      <div class=\"uk-margin-large\">\n        <h3><span style=\"color: #ccd814;\">Bereit, Ihre Cybersicherheit mit Microsoft Sentinel zu st\u00e4rken?<\/span><\/h3>\n<p>Mit Microsoft Sentinel unterst\u00fctzen wir Sie dabei, Ihre Organisation resilienter zu machen, Bedrohungen fr\u00fchzeitig erkennen und Sicherheitsprozesse zu automatisieren.<\/p>\n<h3><span style=\"color: #ccd814;\">Sie haben bereits Erfahrungen oder Erfolgserlebnisse mit Sentinel gesammelt?<\/span><\/h3>\n<p>Wir freuen uns darauf, mehr dar\u00fcber zu h\u00f6ren, und gemeinsam zu pr\u00fcfen, ob Ihre Sentinel Erfolgsgeschichte als Referenz oder Showcase geteilt werden kann.<\/p>\n      <\/div>\n                <\/div>\n  <\/div>\n\n<\/section>\n\n\n<section class=\"tds-msft-block text  bg-deepteal clr-white bg-bottom-right\"   style=\"background-image: url(https:\/\/dach.tdsynnex.com\/ch\/microsoft\/wp-content\/uploads\/2025\/02\/mesh-pattern-3.png);\">\n\n  <div class=\"uk-container uk-container-xlarge\">\n    <div class=\"uk-grid uk-child-width-1-1@m uk-width-1-1\">\n      <div class=\"uk-margin-large\">\n        <h3 style=\"text-align: center;\">Nehmen Sie Kontakt auf<\/h3>\n<p style=\"text-align: center;\">Bei Fragen, Unklarheiten oder f\u00fcr weitere Informationen zu unserem Cloud Marketplace StreamOne k\u00f6nnen Sie uns gerne kontaktieren.<\/p>\n<p style=\"text-align: center;\"><a class=\"tds-button btn-chartreuse\" href=\"https:\/\/dach.tdsynnex.com\/ch\/microsoft\/kontakt\/\">Hier Kontakt aufnehmen<\/a><\/p>\n      <\/div>\n                <\/div>\n  <\/div>\n\n<\/section>","protected":false},"excerpt":{"rendered":"","protected":false},"author":8,"featured_media":0,"parent":0,"menu_order":0,"comment_status":"closed","ping_status":"closed","template":"","meta":{"_acf_changed":false,"inline_featured_image":false,"footnotes":""},"class_list":["post-2045","page","type-page","status-publish","hentry"],"acf":[],"_links":{"self":[{"href":"https:\/\/dach.tdsynnex.com\/ch\/microsoft\/wp-json\/wp\/v2\/pages\/2045","targetHints":{"allow":["GET"]}}],"collection":[{"href":"https:\/\/dach.tdsynnex.com\/ch\/microsoft\/wp-json\/wp\/v2\/pages"}],"about":[{"href":"https:\/\/dach.tdsynnex.com\/ch\/microsoft\/wp-json\/wp\/v2\/types\/page"}],"author":[{"embeddable":true,"href":"https:\/\/dach.tdsynnex.com\/ch\/microsoft\/wp-json\/wp\/v2\/users\/8"}],"replies":[{"embeddable":true,"href":"https:\/\/dach.tdsynnex.com\/ch\/microsoft\/wp-json\/wp\/v2\/comments?post=2045"}],"version-history":[{"count":17,"href":"https:\/\/dach.tdsynnex.com\/ch\/microsoft\/wp-json\/wp\/v2\/pages\/2045\/revisions"}],"predecessor-version":[{"id":2222,"href":"https:\/\/dach.tdsynnex.com\/ch\/microsoft\/wp-json\/wp\/v2\/pages\/2045\/revisions\/2222"}],"wp:attachment":[{"href":"https:\/\/dach.tdsynnex.com\/ch\/microsoft\/wp-json\/wp\/v2\/media?parent=2045"}],"curies":[{"name":"wp","href":"https:\/\/api.w.org\/{rel}","templated":true}]}}