{"id":104,"date":"2024-12-02T16:11:09","date_gmt":"2024-12-02T15:11:09","guid":{"rendered":"https:\/\/tds-de-meta.local\/?page_id=104"},"modified":"2024-12-13T11:28:38","modified_gmt":"2024-12-13T10:28:38","slug":"kontakt","status":"publish","type":"page","link":"https:\/\/dach.tdsynnex.com\/de\/meta\/kontakt\/","title":{"rendered":"Kontakt"},"content":{"rendered":"\n\n<section class=\"tds-meta-block hero\"   style=\"background-image: url(https:\/\/dach.tdsynnex.com\/de\/meta\/wp-content\/uploads\/2024\/12\/contact-main-hero.jpg);\">\n    <div class=\"uk-container uk-container-large\">\n    <div class=\"heroWrapper\">\n              <h1 class=\"heroHeadline\">\n          Wir helfen Ihnen, den ersten Schritt ins Metaversum zu machen        <\/h1>\n          <\/div>\n  <\/div>\n  <\/section>\n\n\n<section class=\"tds-meta-block contact\" >\n    <div class=\"uk-container uk-container-large\">\n    <div class=\"uk-grid uk-grid-large\">\n      <div class=\"uk-width-1-3@m uk-width-1-1\">\n        <div class=\"contact__left\">\n          <h2><span style=\"color: #005758;\">Bereit, im Metaverse durchzustarten?<\/span><\/h2>\n<p>Oder haben Sie zun\u00e4chst Fragen?<br \/>\nKein Problem! Wir helfen Ihnen gerne weiter. Unsere AR-, VR- und Mixed-Reality-Spezialisten stehen Ihnen gerne telefonisch und per E-Mail zur Seite. Wenn Sie Ihre Daten hinterlassen, werden wir Sie schnellstm\u00f6glich kontaktieren.<\/p>\n<p>Selbstverst\u00e4ndlich stehen wir Ihnen auch zur Verf\u00fcgung, wenn Sie direkt mit uns Kontakt aufnehmen m\u00f6chten:<\/p>\n<p><strong>E-Mail-Adresse:<\/strong> <a href=\"mailto:meta.de@tdsynnex.com\">meta.de@tdsynnex.com<\/a><\/p>\n<p>&nbsp;<\/p>\n<p><img loading=\"lazy\" decoding=\"async\" class=\"alignnone size-medium wp-image-342\" src=\"https:\/\/dach.tdsynnex.com\/de\/meta\/wp-content\/uploads\/2024\/12\/contact-1-300x290.png\" alt=\"\" width=\"300\" height=\"290\" srcset=\"https:\/\/dach.tdsynnex.com\/de\/meta\/wp-content\/uploads\/2024\/12\/contact-1-300x290.png 300w, https:\/\/dach.tdsynnex.com\/de\/meta\/wp-content\/uploads\/2024\/12\/contact-1.png 460w\" sizes=\"auto, (max-width: 300px) 100vw, 300px\" \/><\/p>\n        <\/div>\n      <\/div>\n      <div class=\"uk-width-2-3@m uk-width-1-1\">\n        <div class=\"contact__right\">\n          <h2><span style=\"color: #005758;\">Meta-Kontaktformular<\/span><\/h2>\n<script>\nvar gform;gform||(document.addEventListener(\"gform_main_scripts_loaded\",function(){gform.scriptsLoaded=!0}),document.addEventListener(\"gform\/theme\/scripts_loaded\",function(){gform.themeScriptsLoaded=!0}),window.addEventListener(\"DOMContentLoaded\",function(){gform.domLoaded=!0}),gform={domLoaded:!1,scriptsLoaded:!1,themeScriptsLoaded:!1,isFormEditor:()=>\"function\"==typeof InitializeEditor,callIfLoaded:function(o){return!(!gform.domLoaded||!gform.scriptsLoaded||!gform.themeScriptsLoaded&&!gform.isFormEditor()||(gform.isFormEditor()&&console.warn(\"The use of gform.initializeOnLoaded() is deprecated in the form editor context and will be removed in Gravity Forms 3.1.\"),o(),0))},initializeOnLoaded:function(o){gform.callIfLoaded(o)||(document.addEventListener(\"gform_main_scripts_loaded\",()=>{gform.scriptsLoaded=!0,gform.callIfLoaded(o)}),document.addEventListener(\"gform\/theme\/scripts_loaded\",()=>{gform.themeScriptsLoaded=!0,gform.callIfLoaded(o)}),window.addEventListener(\"DOMContentLoaded\",()=>{gform.domLoaded=!0,gform.callIfLoaded(o)}))},hooks:{action:{},filter:{}},addAction:function(o,r,e,t){gform.addHook(\"action\",o,r,e,t)},addFilter:function(o,r,e,t){gform.addHook(\"filter\",o,r,e,t)},doAction:function(o){gform.doHook(\"action\",o,arguments)},applyFilters:function(o){return gform.doHook(\"filter\",o,arguments)},removeAction:function(o,r){gform.removeHook(\"action\",o,r)},removeFilter:function(o,r,e){gform.removeHook(\"filter\",o,r,e)},addHook:function(o,r,e,t,n){null==gform.hooks[o][r]&&(gform.hooks[o][r]=[]);var d=gform.hooks[o][r];null==n&&(n=r+\"_\"+d.length),gform.hooks[o][r].push({tag:n,callable:e,priority:t=null==t?10:t})},doHook:function(r,o,e){var t;if(e=Array.prototype.slice.call(e,1),null!=gform.hooks[r][o]&&((o=gform.hooks[r][o]).sort(function(o,r){return o.priority-r.priority}),o.forEach(function(o){\"function\"!=typeof(t=o.callable)&&(t=window[t]),\"action\"==r?t.apply(null,e):e[0]=t.apply(null,e)})),\"filter\"==r)return e[0]},removeHook:function(o,r,t,n){var e;null!=gform.hooks[o][r]&&(e=(e=gform.hooks[o][r]).filter(function(o,r,e){return!!(null!=n&&n!=o.tag||null!=t&&t!=o.priority)}),gform.hooks[o][r]=e)}});\n<\/script>\n\n                <div class='gf_browser_gecko gform_wrapper gravity-theme gform-theme--no-framework' data-form-theme='gravity-theme' data-form-index='0' id='gform_wrapper_1' ><form method='post' enctype='multipart\/form-data'  id='gform_1'  action='\/de\/meta\/wp-json\/wp\/v2\/pages\/104' data-formid='1' novalidate>\n                        <div class='gform-body gform_body'><div id='gform_fields_1' class='gform_fields top_label form_sublabel_below description_below validation_below'><div id=\"field_1_12\" class=\"gfield gfield--type-honeypot gform_validation_container field_sublabel_below gfield--has-description field_description_below field_validation_below gfield_visibility_visible\"  ><label class='gfield_label gform-field-label' for='input_1_12'>Instagram<\/label><div class='ginput_container'><input name='input_12' id='input_1_12' type='text' value='' autocomplete='new-password'\/><\/div><div class='gfield_description' id='gfield_description_1_12'>Dieses Feld dient zur Validierung und sollte nicht ver\u00e4ndert werden.<\/div><\/div><fieldset id=\"field_1_1\" class=\"gfield gfield--type-name gfield--input-type-name gfield_contains_required field_sublabel_below gfield--no-description field_description_below hidden_label field_validation_below gfield_visibility_visible\"  ><legend class='gfield_label gform-field-label gfield_label_before_complex' >Name<span class=\"gfield_required\"><span class=\"gfield_required gfield_required_text\">(erforderlich)<\/span><\/span><\/legend><div class='ginput_complex ginput_container ginput_container--name no_prefix has_first_name no_middle_name has_last_name no_suffix gf_name_has_2 ginput_container_name gform-grid-row' id='input_1_1'>\n                            \n                            <span id='input_1_1_3_container' class='name_first gform-grid-col gform-grid-col--size-auto' >\n                                                    <input type='text' name='input_1.3' id='input_1_1_3' value=''   aria-required='true'     \/>\n                                                    <label for='input_1_1_3' class='gform-field-label gform-field-label--type-sub '>Vorname <span>(erforderlich)<\/span><\/label>\n                                                <\/span>\n                            \n                            <span id='input_1_1_6_container' class='name_last gform-grid-col gform-grid-col--size-auto' >\n                                                    <input type='text' name='input_1.6' id='input_1_1_6' value=''   aria-required='true'     \/>\n                                                    <label for='input_1_1_6' class='gform-field-label gform-field-label--type-sub '>Nachname <span>(erforderlich)<\/span><\/label>\n                                                <\/span>\n                            \n                        <\/div><\/fieldset><div id=\"field_1_3\" class=\"gfield gfield--type-email gfield--input-type-email gfield--width-half gfield_contains_required field_sublabel_below gfield--no-description field_description_below field_validation_below gfield_visibility_visible\"  ><label class='gfield_label gform-field-label' for='input_1_3'>Email<span class=\"gfield_required\"><span class=\"gfield_required gfield_required_text\">(erforderlich)<\/span><\/span><\/label><div class='ginput_container ginput_container_email'>\n                            <input name='input_3' id='input_1_3' type='email' value='' class='large'    aria-required=\"true\" aria-invalid=\"false\"  \/>\n                        <\/div><\/div><div id=\"field_1_6\" class=\"gfield gfield--type-phone gfield--input-type-phone gfield--width-half field_sublabel_below gfield--no-description field_description_below field_validation_below gfield_visibility_visible\"  ><label class='gfield_label gform-field-label' for='input_1_6'>Telefonnummer<\/label><div class='ginput_container ginput_container_phone'><input name='input_6' id='input_1_6' type='tel' value='' class='large'    aria-invalid=\"false\"   \/><\/div><\/div><div id=\"field_1_4\" class=\"gfield gfield--type-text gfield--input-type-text gfield--width-half gfield_contains_required field_sublabel_below gfield--no-description field_description_below field_validation_below gfield_visibility_visible\"  ><label class='gfield_label gform-field-label' for='input_1_4'>Name der Firma<span class=\"gfield_required\"><span class=\"gfield_required gfield_required_text\">(erforderlich)<\/span><\/span><\/label><div class='ginput_container ginput_container_text'><input name='input_4' id='input_1_4' type='text' value='' class='large'     aria-required=\"true\" aria-invalid=\"false\"   \/><\/div><\/div><div id=\"field_1_5\" class=\"gfield gfield--type-text gfield--input-type-text gfield--width-half field_sublabel_below gfield--no-description field_description_below field_validation_below gfield_visibility_visible\"  ><label class='gfield_label gform-field-label' for='input_1_5'>TD SYNNEX Kundennummer<\/label><div class='ginput_container ginput_container_text'><input name='input_5' id='input_1_5' type='text' value='' class='large'      aria-invalid=\"false\"   \/><\/div><\/div><div id=\"field_1_7\" class=\"gfield gfield--type-textarea gfield--input-type-textarea gfield--width-full gfield_contains_required field_sublabel_below gfield--no-description field_description_below field_validation_below gfield_visibility_visible\"  ><label class='gfield_label gform-field-label' for='input_1_7'>Wobei k\u00f6nnen wir Ihnen helfen?<span class=\"gfield_required\"><span class=\"gfield_required gfield_required_text\">(erforderlich)<\/span><\/span><\/label><div class='ginput_container ginput_container_textarea'><textarea name='input_7' id='input_1_7' class='textarea large'     aria-required=\"true\" aria-invalid=\"false\"   rows='10' cols='50'><\/textarea><\/div><\/div><div id=\"field_1_8\" class=\"gfield gfield--type-fileupload gfield--input-type-fileupload gfield--width-full field_sublabel_below gfield--no-description field_description_below field_validation_below gfield_visibility_visible\"  ><label class='gfield_label gform-field-label' for='input_1_8'>Laden Sie eine Datei hoch (optional)<\/label><div class='ginput_container ginput_container_fileupload'><input type='hidden' name='MAX_FILE_SIZE' value='33554432' \/><input name='input_8' id='input_1_8' type='file' class='large' aria-describedby=\"gfield_upload_rules_1_8\" onchange='javascript:gformValidateFileSize( this, 33554432 );'  \/><span class='gfield_description gform_fileupload_rules' id='gfield_upload_rules_1_8'>Max. Dateigr\u00f6\u00dfe: 32 MB.<\/span><div class='gfield_description validation_message gfield_validation_message validation_message--hidden-on-empty' id='live_validation_message_1_8'><\/div> <\/div><\/div><div id=\"field_1_10\" class=\"gfield gfield--type-section gfield--input-type-section gsection field_sublabel_below gfield--no-description field_description_below field_validation_below gfield_visibility_visible\"  ><h3 class=\"gsection_title\"><\/h3><\/div><fieldset id=\"field_1_9\" class=\"gfield gfield--type-checkbox gfield--type-choice gfield--input-type-checkbox gfield--width-full gfield_contains_required field_sublabel_below gfield--no-description field_description_below hidden_label field_validation_below gfield_visibility_visible\"  ><legend class='gfield_label gform-field-label gfield_label_before_complex' >Datenschutz<span class=\"gfield_required\"><span class=\"gfield_required gfield_required_text\">(erforderlich)<\/span><\/span><\/legend><div class='ginput_container ginput_container_checkbox'><div class='gfield_checkbox ' id='input_1_9'><div class='gchoice gchoice_1_9_1'>\n\t\t\t\t\t\t\t\t<input class='gfield-choice-input' name='input_9.1' type='checkbox'  value='Ich m\u00f6chte telefonisch\/per E-Mail kontaktiert werden, um von einem Experten der TD SYNNEX Germany GmbH &amp; Co. OHG weitere Informationen und eine Beratung zu erhalten. Mit der Eingabe meiner Daten erkl\u00e4re ich mich einverstanden, dass die TD SYNNEX Germany GmbH &amp; Co. OHG diese zur Ausfu\u0308hrung der angefragten Kontaktaufnahme verwendet. Meine Einwilligung kann ich jederzeit fu\u0308r die Zukunft per E-Mail an &lt;a href=&quot;mailto:marcom-services@tdsynnex.com&quot;&gt;marcom-services@tdsynnex.com&lt;\/a&gt; widerrufen.&lt;span&gt;(erforderlich)&lt;\/span&gt;'  id='choice_1_9_1'   \/>\n\t\t\t\t\t\t\t\t<label for='choice_1_9_1' id='label_1_9_1' class='gform-field-label gform-field-label--type-inline'>Ich m\u00f6chte telefonisch\/per E-Mail kontaktiert werden, um von einem Experten der TD SYNNEX Germany GmbH &amp; Co. OHG weitere Informationen und eine Beratung zu erhalten. Mit der Eingabe meiner Daten erkl\u00e4re ich mich einverstanden, dass die TD SYNNEX Germany GmbH &amp; Co. OHG diese zur Ausfu\u0308hrung der angefragten Kontaktaufnahme verwendet. Meine Einwilligung kann ich jederzeit fu\u0308r die Zukunft per E-Mail an <a href=\"mailto:marcom-services@tdsynnex.com\">marcom-services@tdsynnex.com<\/a> widerrufen.<span>(erforderlich)<\/span><\/label>\n\t\t\t\t\t\t\t<\/div><\/div><\/div><\/fieldset><div id=\"field_1_11\" class=\"gfield gfield--type-html gfield--input-type-html gfield--width-full gfield_html gfield_html_formatted gfield_no_follows_desc field_sublabel_below gfield--no-description field_description_below field_validation_below gfield_visibility_visible\"  ><p>Wenn Sie etwas daru\u0308ber erfahren wollen, wie die TD SYNNEX Germany GmbH &#038; Co. OHG im Zusammenhang mit diesem Marcom Service Ihre Daten verarbeitet, informieren Sie sich in unseren <a href=\"https:\/\/eu.tdsynnex.com\/CatAdminHtmlContentEditor\/uploads\/Country\/COM\/NEW%20Terms-and-Conditions\/Additional%20Local\/DACH_Datenschutzhinweise_Marcom-Services%20-%20DE.pdf\" target=\"_blank\">Datenschutzhinweisen Marcom Services<\/a><\/p>\n<p>Daru\u0308ber hinaus gelten die <a href=\"https:\/\/eu.tdsynnex.com\/CatAdminHtmlContentEditor\/uploads\/Country\/COM\/NEW%20Terms-and-Conditions\/Additional%20Local\/DACH_AGB_Marcom-Services%20-%20DE.pdf\" target=\"_blank\">AGB Marcom Services<\/a> der TD SYNNEX Germany GmbH &#038; Co. OHG<\/p><\/div><\/div><\/div>\n        <div class='gform-footer gform_footer top_label'> <input type='submit' id='gform_submit_button_1' class='gform_button button' onclick='gform.submission.handleButtonClick(this);' data-submission-type='submit' value='Absenden'  \/> \n            <input type='hidden' class='gform_hidden' name='gform_submission_method' data-js='gform_submission_method_1' value='postback' \/>\n            <input type='hidden' class='gform_hidden' name='gform_theme' data-js='gform_theme_1' id='gform_theme_1' value='gravity-theme' \/>\n            <input type='hidden' class='gform_hidden' name='gform_style_settings' data-js='gform_style_settings_1' id='gform_style_settings_1' value='[]' \/>\n            <input type='hidden' class='gform_hidden' name='is_submit_1' value='1' \/>\n            <input type='hidden' class='gform_hidden' name='gform_submit' value='1' \/>\n            \n            <input type='hidden' class='gform_hidden' name='gform_currency' data-currency='EUR' value='rYlycNgMnWYJVWTTEsRcD9zmTJ5\/ySM7PH0AfTETqkOw993n5JnHnWIAkMWFJjHg+HsYnmJIHK1ozFv5apcRBPrRwmOiXgZ3OM5+6WIVirLo3XU=' \/>\n            <input type='hidden' class='gform_hidden' name='gform_unique_id' value='' \/>\n            <input type='hidden' class='gform_hidden' name='state_1' value='WyJ7XCI5LjFcIjpcIjZkOWY4M2Y0ODNkNWMxYjQxNmJkMzZkNjRmNWFhZGZlXCJ9IiwiYjY3MWNiNmZhNWViYTk2NjI4NjAxZjI0NDAxZjc3NDEiXQ==' \/>\n            <input type='hidden' autocomplete='off' class='gform_hidden' name='gform_target_page_number_1' id='gform_target_page_number_1' value='0' \/>\n            <input type='hidden' autocomplete='off' class='gform_hidden' name='gform_source_page_number_1' id='gform_source_page_number_1' value='1' \/>\n            <input type='hidden' name='gform_field_values' value='' \/>\n            \n        <\/div>\n                        <\/form>\n                        <\/div><script>\ngform.initializeOnLoaded( function() {gformInitSpinner( 1, 'https:\/\/dach.tdsynnex.com\/de\/meta\/wp-content\/plugins\/gravityforms\/images\/spinner.svg', true );jQuery('#gform_ajax_frame_1').on('load',function(){var contents = jQuery(this).contents().find('*').html();var is_postback = contents.indexOf('GF_AJAX_POSTBACK') >= 0;if(!is_postback){return;}var form_content = jQuery(this).contents().find('#gform_wrapper_1');var is_confirmation = jQuery(this).contents().find('#gform_confirmation_wrapper_1').length > 0;var is_redirect = contents.indexOf('gformRedirect(){') >= 0;var is_form = form_content.length > 0 && ! is_redirect && ! is_confirmation;var mt = parseInt(jQuery('html').css('margin-top'), 10) + parseInt(jQuery('body').css('margin-top'), 10) + 100;if(is_form){jQuery('#gform_wrapper_1').html(form_content.html());if(form_content.hasClass('gform_validation_error')){jQuery('#gform_wrapper_1').addClass('gform_validation_error');} else {jQuery('#gform_wrapper_1').removeClass('gform_validation_error');}setTimeout( function() { \/* delay the scroll by 50 milliseconds to fix a bug in chrome *\/  }, 50 );if(window['gformInitDatepicker']) {gformInitDatepicker();}if(window['gformInitPriceFields']) {gformInitPriceFields();}var current_page = jQuery('#gform_source_page_number_1').val();gformInitSpinner( 1, 'https:\/\/dach.tdsynnex.com\/de\/meta\/wp-content\/plugins\/gravityforms\/images\/spinner.svg', true );jQuery(document).trigger('gform_page_loaded', [1, current_page]);window['gf_submitting_1'] = false;}else if(!is_redirect){var confirmation_content = jQuery(this).contents().find('.GF_AJAX_POSTBACK').html();if(!confirmation_content){confirmation_content = contents;}jQuery('#gform_wrapper_1').replaceWith(confirmation_content);jQuery(document).trigger('gform_confirmation_loaded', [1]);window['gf_submitting_1'] = false;wp.a11y.speak(jQuery('#gform_confirmation_message_1').text());}else{jQuery('#gform_1').append(contents);if(window['gformRedirect']) {gformRedirect();}}jQuery(document).trigger(\"gform_pre_post_render\", [{ formId: \"1\", currentPage: \"current_page\", abort: function() { this.preventDefault(); } }]);        if (event && event.defaultPrevented) {                return;        }        const gformWrapperDiv = document.getElementById( \"gform_wrapper_1\" );        if ( gformWrapperDiv ) {            const visibilitySpan = document.createElement( \"span\" );            visibilitySpan.id = \"gform_visibility_test_1\";            gformWrapperDiv.insertAdjacentElement( \"afterend\", visibilitySpan );        }        const visibilityTestDiv = document.getElementById( \"gform_visibility_test_1\" );        let postRenderFired = false;        function triggerPostRender() {            if ( postRenderFired ) {                return;            }            postRenderFired = true;            gform.core.triggerPostRenderEvents( 1, current_page );            if ( visibilityTestDiv ) {                visibilityTestDiv.parentNode.removeChild( visibilityTestDiv );            }        }        function debounce( func, wait, immediate ) {            var timeout;            return function() {                var context = this, args = arguments;                var later = function() {                    timeout = null;                    if ( !immediate ) func.apply( context, args );                };                var callNow = immediate && !timeout;                clearTimeout( timeout );                timeout = setTimeout( later, wait );                if ( callNow ) func.apply( context, args );            };        }        const debouncedTriggerPostRender = debounce( function() {            triggerPostRender();        }, 200 );        if ( visibilityTestDiv && visibilityTestDiv.offsetParent === null ) {            const observer = new MutationObserver( ( mutations ) => {                mutations.forEach( ( mutation ) => {                    if ( mutation.type === 'attributes' && visibilityTestDiv.offsetParent !== null ) {                        debouncedTriggerPostRender();                        observer.disconnect();                    }                });            });            observer.observe( document.body, {                attributes: true,                childList: false,                subtree: true,                attributeFilter: [ 'style', 'class' ],            });        } else {            triggerPostRender();        }    } );} );\n<\/script>\n\n        <\/div>\n      <\/div>\n    <\/div>\n  <\/div>\n  <\/section>\n\n\n\n<section class=\"tds-meta-block contact-banner contact-banner-contact\"  style=\"background-image: url(https:\/\/dach.tdsynnex.com\/de\/meta\/wp-content\/uploads\/2024\/12\/tds-net.png);\">\n    <div class=\"uk-container uk-container-large\">\n    <div class=\"contactBannerWrapper\">\n      <h3 style=\"text-align: center;\">M\u00f6chten Sie uns lieber direkt kontaktieren?<\/h3>\n<p style=\"text-align: center;\"><a class=\"tds-button btn-aqua\" href=\"mailto:meta.de@tdsynnex.com\">meta.de@tdsynnex.com<\/a><\/p>\n          <\/div>\n  <\/div>\n  <\/section>","protected":false},"excerpt":{"rendered":"","protected":false},"author":1,"featured_media":0,"parent":0,"menu_order":0,"comment_status":"closed","ping_status":"closed","template":"","meta":{"_acf_changed":false,"footnotes":""},"class_list":["post-104","page","type-page","status-publish","hentry"],"acf":[],"_links":{"self":[{"href":"https:\/\/dach.tdsynnex.com\/de\/meta\/wp-json\/wp\/v2\/pages\/104","targetHints":{"allow":["GET"]}}],"collection":[{"href":"https:\/\/dach.tdsynnex.com\/de\/meta\/wp-json\/wp\/v2\/pages"}],"about":[{"href":"https:\/\/dach.tdsynnex.com\/de\/meta\/wp-json\/wp\/v2\/types\/page"}],"author":[{"embeddable":true,"href":"https:\/\/dach.tdsynnex.com\/de\/meta\/wp-json\/wp\/v2\/users\/1"}],"replies":[{"embeddable":true,"href":"https:\/\/dach.tdsynnex.com\/de\/meta\/wp-json\/wp\/v2\/comments?post=104"}],"version-history":[{"count":19,"href":"https:\/\/dach.tdsynnex.com\/de\/meta\/wp-json\/wp\/v2\/pages\/104\/revisions"}],"predecessor-version":[{"id":524,"href":"https:\/\/dach.tdsynnex.com\/de\/meta\/wp-json\/wp\/v2\/pages\/104\/revisions\/524"}],"wp:attachment":[{"href":"https:\/\/dach.tdsynnex.com\/de\/meta\/wp-json\/wp\/v2\/media?parent=104"}],"curies":[{"name":"wp","href":"https:\/\/api.w.org\/{rel}","templated":true}]}}